or of o and 4?
4
Let y(m) = 3*m + 331. Let w(c) = -c - 166. Let t(v) = -5*w(v) - 2*y(v). Let b be t(0). Calculate the highest common factor of 21 and b.
21
Let r(f) = 4*f**2 + f - 1. Let s be r(1). Suppose -8 - 28 = s*o. Let j(t) = t**2 + 9*t + 8. Let a be j(o). Calculate the highest common factor of a and 2.
2
Let w(v) = -v**2 + 6*v - 4. Let s be w(4). What is the greatest common divisor of s and 4?
4
Let f = -350 - -504. What is the highest common divisor of f and 14?
14
Let h(k) = 9*k**2 - 2*k + 1. Let z be h(1). Suppose -4*r + 168 = -r. Calculate the highest common divisor of z and r.
8
Let q be (-4)/6 + (-820)/(-6). Let o = 71 - 54. What is the highest common factor of o and q?
17
Let k = -11 - -18. Let f be (-5)/((3 + -2)/(-1)). Suppose -p - 308 = -f*p. Calculate the highest common factor of p and k.
7
Suppose 11*l - 20 = 6*l. Suppose 4*k - o + 2*o - 6 = 0, 4*k = -l*o + 12. Calculate the highest common factor of 1 and k.
1
Let w be ((-380)/6)/((-16)/24). Let m = w - 51. What is the highest common factor of 4 and m?
4
Let r(y) = y - 6. Let n be r(7). Let o = 3 - n. Suppose -o*m - 10 = -7*m. Calculate the highest common divisor of 22 and m.
2
Let f(h) = 5*h**2 - 13. Let u be f(-5). What is the greatest common factor of 16 and u?
16
Let m be 4/2 + -1 + 5. Suppose -u - 1 = l, -3*u + m*l + 2 = 4*l. Suppose u = -2*c + 33 + 57. What is the highest common factor of 5 and c?
5
Let y be -2 + ((-13)/(-1) - 0). Suppose -5*f + 25 = -0*f, 3*f = 2*h - 279. Suppose h = 4*b + 59. Calculate the highest common divisor of y and b.
11
Let o(j) = -j**3 - 5*j**2 + j - 6. Let i(a) = a**3 + 6*a**2 + 6*a - 1. Let g be i(-5). Let q be o(g). Calculate the greatest common divisor of q and 36.
12
Suppose -f + 5*f - 270 = -3*b, -5*f = b - 332. Calculate the greatest common factor of f and 6.
6
Suppose 2*z - 6*z + 16 = 0. What is the highest common factor of z and 32?
4
Let o = -24 + 32. What is the highest common divisor of o and 16?
8
Let i = 108 + -17. Calculate the greatest common divisor of 13 and i.
13
Let m(i) = i**2 - 5*i - 5. Let w(a) = a + 13. Let h be w(-8). Let u be m(h). Let f be (u - -1)*(-3)/2. What is the greatest common divisor of f and 2?
2
Let d = 83 + -3. Calculate the highest common divisor of d and 32.
16
Suppose 4*t = -5*d + 17, t + 2*d - 3 - 2 = 0. What is the greatest common factor of t and 12?
3
Let i(a) be the first derivative of 14*a**3/3 - a**2 + 3. Let h be i(-3). What is the highest common factor of 12 and h?
12
Suppose 0 = 2*k - 78 + 18. Let s = k - 22. Calculate the greatest common divisor of 24 and s.
8
Let b be (15 + 0)/(3/2). Let a be b/4*(-8)/(-2). Suppose -3*m - 82 = -k, -20 = 3*m + 2*m. What is the greatest common factor of a and k?
10
Suppose 3 = -3*j + 75. Calculate the greatest common factor of j and 3.
3
Let x(o) = 3*o - 12. Let i be x(5). Let l be i/9 - (-159)/9. Calculate the greatest common factor of l and 18.
18
Let u be (88/(-6))/(4/(-18)). Let a be (-3)/(-1 - (-64)/u). Calculate the highest common divisor of a and 9.
9
Suppose -2*n - 2 = -3*n. Suppose 2*q = 7*q - n*s - 46, 0 = -q + 5*s. Let y be (-5)/(15/(-12)) - 2. What is the greatest common divisor of q and y?
2
Let w(p) = -p**2 + 7*p - 4. Let r be w(6). Let t be 37 - (0 + r + 0). Calculate the highest common factor of t and 7.
7
Suppose -4*v + 6*v = -2*t + 6, 2*v = 3*t + 1. Calculate the highest common divisor of v and 3.
1
Let p(n) = -3*n + 1. Let c be p(-4). Calculate the highest common divisor of c and 65.
13
Suppose -5*r = -4*q + 339, -r - 330 = -4*q + r. Calculate the highest common divisor of 27 and q.
27
Let i be (-6)/(-7)*(-2 - -9). Suppose -2*j - 40 = 5*r, 1 = -3*r + 2*j - 7. Let o = -4 - r. What is the greatest common divisor of i and o?
2
Let r(t) = -3*t - 2. Let k be r(9). Let g = k - -44. What is the greatest common factor of g and 3?
3
Suppose -5*x = -4 - 31. Let r = x - 7. Suppose r = c - 5*c + 112. What is the greatest common factor of c and 4?
4
Let k(z) be the third derivative of -z**6/120 - z**5/12 - z**4/12 + z**3/3 - 3*z**2. Let u be k(-5). Calculate the greatest common factor of 24 and u.
12
Let g = 45 + -29. Suppose 3*d + 37 - 4 = 0. Let v = g + d. What is the greatest common factor of v and 1?
1
Suppose 4*s = 6*s + 236. Let h = -78 - s. What is the highest common divisor of 5 and h?
5
Let g(a) = 43*a**3 + 2*a**2 - a. Let u be g(1). What is the highest common factor of 11 and u?
11
Let i be (-178)/(-14) + (-4)/(-14). Let z be (2184/36)/(4/6). What is the highest common factor of z and i?
13
Let l be (-3)/4 - (-38)/8. Let t = 5 - 3. Suppose t*g = -2*g + 96. What is the highest common factor of l and g?
4
Let c = -23 + 24. What is the highest common factor of c and 2?
1
Suppose m = 5*y - 29 - 18, 4*y = -m + 34. Suppose d = 224 - 92. Let o = -51 + d. What is the greatest common factor of o and y?
9
Let k = 190 + -38. Suppose 2*q - 30 - 25 = -3*y, 5*q + 5 = 0. Calculate the greatest common factor of k and y.
19
Suppose -4*r + 288 - 48 = 0. Calculate the greatest common factor of 24 and r.
12
Let l = -6 + 12. Let k(n) = n**3 + 9*n**2 + 12*n + 2. Let c be k(-8). Let u be 0 - 3 - c - 3. What is the greatest common factor of u and l?
6
Let a = 122 + 98. What is the highest common factor of 88 and a?
44
Let w = -51 - -60. Calculate the greatest common factor of w and 9.
9
Suppose 3*x + 3*i - 30 = 0, 2*x - 4*i = 2 - 6. Let s = -13 + 17. Let q be 64/s - (3 - 2). Calculate the highest common divisor of x and q.
3
Let r(t) = -5*t**3 + t**2. Let f be r(-1). Let c be 32*-1*(-3)/4. Calculate the highest common factor of c and f.
6
Suppose -5*r - 33 = 17. Let x = 15 + r. What is the highest common divisor of 25 and x?
5
Let p be (-3)/(-3) - -2*52. Let b = p + -41. Calculate the greatest common factor of b and 96.
32
Suppose -8*u + 3*u + 365 = 0. Suppose -3*r + 2*p = -61, -2*r - 2*r + u = -p. What is the greatest common factor of r and 85?
17
Suppose 0 = -3*q - 2*q + 720. Let i = 97 - 81. Calculate the greatest common divisor of i and q.
16
Let h = -7 + 10. Suppose -4*y - 48 = -h*m, -3*m - 2*m - y + 80 = 0. Suppose -d - 24 = -4*d. What is the greatest common divisor of d and m?
8
Suppose 2*t + 1 = -1, -2*s + 5*t + 19 = 0. Let r be (-1)/((-2)/58) - 1. Calculate the greatest common factor of r and s.
7
Let r be (-9)/(-6)*-2 + 108. Calculate the greatest common divisor of 15 and r.
15
Let g(v) = v**3 + 3*v**2 - 6*v + 6. Let y(w) = -w**2 + w - 1. Let h(s) = -g(s) - 6*y(s). Let z be h(-4). Calculate the greatest common divisor of 14 and z.
14
Let f(z) = z**3 + z**2 - z - 1. Let n be f(-1). Suppose i = -n + 1. What is the highest common divisor of 2 and i?
1
Suppose -7*j = 22 - 127. Calculate the highest common factor of 3 and j.
3
Suppose -10*i + 8*i = -2. Let s be (-11)/(0 - i/1). What is the highest common divisor of s and 121?
11
Let x be (10/(-8))/((-31)/992). Calculate the greatest common divisor of x and 5.
5
Suppose -2*a - 16 = -2*l - 0*l, a - 2*l = -10. Let h = a + 9. Suppose -20 = -2*k - h*k. What is the greatest common divisor of k and 1?
1
Let h = 29 - 20. What is the greatest common factor of h and 36?
9
Let w(b) = -b**2 + 10*b - 9. Let c be w(7). What is the highest common divisor of 16 and c?
4
Let h = 45 + -2. Calculate the greatest common divisor of 172 and h.
43
Let d = 3 + 1. Let i be (-12)/(-16) - (-1)/4. Let v = d + i. What is the greatest common factor of 50 and v?
5
Let u = -64 - -119. What is the highest common factor of 22 and u?
11
Let f be (-10)/1*(-1071)/102. Let b be 4*1/(8/30). Calculate the highest common divisor of f and b.
15
Suppose -20 = -3*p + 7*p. Let o(v) = v**3 + 5*v**2 - 2*v - 5. Let x be o(p). Calculate the highest common divisor of 25 and x.
5
Let s be ((0/(-2))/(-2))/2. Suppose 0 = v + 5, s = 5*i + 5*v - 55 - 95. Calculate the highest common factor of i and 5.
5
Let i be (-4)/(0 - (-1)/(-3)). Suppose -u - 12 - 2 = -5*k, -15 = -4*k - 3*u. Calculate the highest common divisor of k and i.
3
Suppose -2*f - 3*v + 4*v + 70 = 0, -2*v - 8 = 0. Suppose -2*n + 5*n - f = 0. Let u = -126 + 214. What is the greatest common divisor of u and n?
11
Suppose -j - 23 = -q + 20, 197 = 4*q + j. What is the greatest common factor of q and 18?
6
Let h = -15 + 39. Let q(n) = n**3 + 8*n**2 + 3*n + 8. Let b be q(-7). What is the highest common fa